- 268230 = 6935. Is w prime?
False
Let j = -44 - -46. Suppose j*k - 29 = 141. Is k composite?
True
Let o(j) be the third derivative of -j**6/360 + 337*j**4/24 - j**3/2 - 3*j**2. Let d(a) be the first derivative of o(a). Is d(0) prime?
True
Let d = -11209 - -26754. Is d a prime number?
False
Let h = -10 - -13. Suppose -4*s - 6 = -o - 2*s, -h*s + 35 = 4*o. Let n(f) = f**2 - 2*f + 10. Is n(o) a composite number?
True
Let u(p) = 5*p. Let i be u(-1). Let j be 5/i*(-2)/2. Is -1*j - (-121 + -7) composite?
False
Let d(j) be the second derivative of 3*j**5/10 + j**4/4 + 3*j**3/2 - 11*j**2/2 + 6*j. Is d(5) a composite number?
False
Let o(p) = -9*p**3 + 24*p**2 + 17*p + 3. Is o(-11) a composite number?
False
Suppose 4*f - 157695 - 96085 = 0. Is f prime?
False
Let x = -2265 + 10034. Is x composite?
True
Suppose 0 = q - 58 - 2361. Is q a prime number?
False
Let n be 3 + 28/(-10) + (-3852)/10. Let l = n - -672. Is l composite?
True
Let b = -8 - -10. Suppose -3 = -5*d - b*f, -5 = -0*d - d + 4*f. Is (0 + 0 + 299)/d composite?
True
Let t = 27 - 18. Suppose -4*n + t*n - 47 = -3*p, n + 3*p = 7. Is n a prime number?
False
Suppose 56*q + 25011 = 65*q. Is q a prime number?
False
Let w = 15 - 15. Suppose w = 4*j + 5*q, -3*j + 0*q - q = 0. Suppose 2*a - 270 - 1028 = j. Is a composite?
True
Suppose -2*w + 7 + 17 = 0. Let m(j) = -12*j - 15*j - 3*j**2 + 4*j**2 + 21*j - 5. Is m(w) composite?
False
Suppose 4*o + 8*v - 4 = 3*v, 3*v = -4*o - 4. Let p be (1 + -11)/(o/16). Let c = -17 + p. Is c composite?
False
Let i(z) = z**2 - z - 8. Let x be i(-3). Suppose -1693 = -5*a + 4*d, x*d - 222 = 2*a - 904. Is a a composite number?
False
Let o(k) = -k + 0*k + 4*k - 57 + 410. Is o(0) prime?
True
Suppose -2966 = 5*t - 9771. Is t a composite number?
False
Suppose -2*u = 2*z - 0*z + 26, -2*u - 32 = -z. Let k be 6294/u + 3/5. Let l = -252 - k. Is l a composite number?
False
Let j(z) = 3*z - 1. Let x be j(-3). Let n(h) = -h**2 - 11*h - 8. Let y be n(x). Suppose y*i + f - 502 = -3*f, 0 = -3*i - 4*f + 759. Is i a composite number?
False
Let a = 28476 - 16141. Is a composite?
True
Suppose 2*f + 4*g = 712, -5*f + g + 2*g + 1806 = 0. Suppose f = 3*x - 111. Suppose 3*a - 2*z = x, 3*a + 3*z = -z + 163. Is a a prime number?
True
Suppose 4*h - 5*m = -2*m + 67, -3*m = 3. Suppose 22*x = h*x + 1962. Is x a composite number?
True
Is ((-3)/5)/((-44)/1703020) a prime number?
False
Suppose k = 2, 2*z - 15*k - 7882 = -13*k. Is z a composite number?
False
Is ((-42638)/6 - -2)*(-27 + 24) composite?
False
Suppose r + r - 5194 = -5*d, 2*r + 4*d = 5198. Let j = r - 1065. Let c = j + -1031. Is c composite?
True
Suppose a - 296 = -3*y - 1039, 0 = a + 5*y + 733. Let r = -319 - a. Suppose 0 = -2*c + 3*b + r + 66, 0 = -5*c - 5*b + 1300. Is c a prime number?
True
Suppose -5 = -3*y + b, 0 = -2*y - y - 5*b - 25. Suppose y*r + 5*r - 2*m = 1979, -1573 = -4*r + 5*m. Is r a prime number?
True
Suppose -22*c + 27*c + 245380 = 10*s, -3*c - 49076 = -2*s. Is s a composite number?
True
Suppose -5*x + 12 = 7. Is x*(-6 + 9)/(6/4874) prime?
True
Let u = 1793 - 2711. Is u/(-3 + 0) - 3 prime?
False
Let b = -56 - 3312. Let m = b - -33. Let i = m + 5484. Is i composite?
True
Let l(r) be the second derivative of -13*r**5/20 + r**4/3 + r**3/6 - 3*r**2/2 + 20*r. Is l(-2) prime?
False
Suppose -w + r + r + 1213 = 0, 3631 = 3*w + 2*r. Is w a composite number?
True
Let r = -2343 - -8090. Is r a prime number?
False
Let s(a) = -a**2 - 9*a - 12. Let u be s(-6). Suppose u*y + 5*y - 6457 = 0. Is y prime?
True
Suppose -45*i = -49*i + 228. Suppose u - 21 = -2*l, -l + i + 0 = 2*u. Is u a prime number?
True
Suppose 5*g = 4*g - 1. Let j = 1 + 10. Is j + -10 + (-520)/g prime?
True
Let j(c) = 258*c**2 - 10*c - 17. Is j(-3) prime?
False
Suppose 2*p = 3*f + 196900 + 96738, 0 = -5*p - f + 734095. Is p a prime number?
True
Let d = -3049 - -1658. Let g be (3 - 486/9)/(2/28). Let k = g - d. Is k prime?
True
Suppose 612238 = -27*s + 61*s. Is s prime?
False
Let m be 19*(-3)/(-2)*18/27. Suppose m*r + 498 = 22*r. Is r prime?
False
Let b be ((-82)/6)/((-2)/186). Let s = -854 + b. Is (-1*s)/(-3)*1 a composite number?
False
Let x be ((-361)/(-1))/(1/(-4)). Let h = x + 2259. Is h a prime number?
False
Let z be (-465 - 0)*(-57)/9. Let x = 872 + z. Is x composite?
True
Let q(c) = 1802*c**2 - 2*c + 13. Is q(4) a composite number?
False
Let p = 1635 + 272. Is p a prime number?
True
Let x(b) be the first derivative of -b**4/24 + 155*b**3/6 - 5*b**2 - 9. Let z(p) be the second derivative of x(p). Is z(0) a prime number?
False
Suppose 7 + 2 = 3*d. Suppose 0 = 5*r - 3*k, d*r + 2*r - 4*k + 5 = 0. Suppose v - 977 = -2*c, 0*c + r*c + v = 1464. Is c a composite number?
False
Let g be (4 - (-3 + 12))*-63. Let b = g - -98. Is b a composite number?
True
Let t(l) = 1081*l**2 - 12*l + 26. Is t(3) a composite number?
False
Suppose 65 = -5*m - w - 3*w, 3*w = 5*m + 30. Let v = m + 13. Suppose -v*j + 8*j = 2348. Is j prime?
True
Suppose -12 = 3*x - 0*x, -3*x = g - 1648. Suppose 5*k + 3*r + 2*r = 1660, -5*k = -5*r - g. Suppose 5*b - k = b. Is b a composite number?
False
Let p be (0/1)/(-1) - 0. Suppose 2*x - 45 - 181 = p. Is x composite?
False
Suppose -20373 - 54758 = -k. Is k a prime number?
False
Let i = 4690 + 2679. Is i composite?
False
Let a(l) be the first derivative of -12*l**2 - 79*l - 14. Is a(-25) prime?
True
Suppose d = 3*a + 21, -a - 3*d = a + 3. Let s be 66/44*16/a. Is 2 + s + (3 - -886) a prime number?
True
Let x(a) = -3*a + 1. Let z be x(-3). Suppose -187 = z*y - 11*y. Is y a prime number?
False
Is (-145311)/2*(-46)/69 a prime number?
True
Let x be ((-8)/(-3))/((-4)/18). Let a be 3*1*x/18. Is (a/6)/(7/(-483)) prime?
True
Let r(y) = -159*y - 5. Let h(p) = 158*p + 5. Let k(m) = 3*h(m) + 4*r(m). Is k(-6) a composite number?
False
Let g = 94 - 90. Suppose 0 = 3*x - 5*j - 5168, -6*x = -x + g*j - 8601. Is x prime?
True
Let j(k) = -k**2 + 12*k + 1. Suppose 17 = -3*w - 79. Let x = -22 - w. Is j(x) a composite number?
True
Is -127*(-30 + (6 - 7)) composite?
True
Let l(p) = p + 12. Let k be l(-11). Let f(x) = -2*x + 1. Let z be f(k). Is z/(-2)*222/3 a composite number?
False
Let z = -50 + 48. Is -3*z/6*1163 composite?
False
Is -6 + (-616033)/55*-5 a composite number?
False
Suppose 3*q = 6*q - 2088. Let w = q - 403. Is w a composite number?
False
Let d(i) = -i**2 + i + 557. Suppose 0*p - 3*p = 0. Is d(p) a composite number?
False
Suppose 6382 = 4*m + p - 72, 6 = -3*p. Is (5/10 - -2)*m/5 a composite number?
True
Let r(y) = -26*y + 3*y - 7 - 14*y + 3*y. Is r(-17) composite?
False
Is ((-115)/20 - -5)*-4 prime?
True
Let x(j) be the first derivative of 105*j**2/2 - 7*j - 11. Is x(4) a prime number?
False
Is 32947 + (-7)/7 - 13 a composite number?
False
Suppose -q - 876 + 10799 = 0. Is q a prime number?
True
Let h = 673 + 2490. Is h composite?
False
Suppose 4*s = -5*x + 73, 0 = -0*s - s + 3*x - 3. Suppose 0 = -s*r + 9*r + 6078. Is r a prime number?
False
Let m = 22245 + -9466. Is m a composite number?
True
Let i = -47247 - -102736. Is i a composite number?
True
Let r = 44 - -25. Suppose o - r = 279. Let w = -235 + o. Is w a composite number?
False
Let f(a) = -177*a + 2. Let x be f(-1). Suppose -219 - x = -2*b. Is b composite?
False
Suppose 7*i + 7*i + 84 = 0. Is (-1712)/(-3) - i/18 a composite number?
False
Is (-3)/(1/((-3109)/3)) prime?
True
Let r(f) = f**2 + 3*f + 3. Let y be r(-5). Let p = y + -15. Is 3*(p + 5 + -2) a prime number?
True
Let r = -477 + 2170. Is r a composite number?
False
Suppose -20*l - 48 = -24*l. Is 966/l + 3/(-2) composite?
False
Let y(b) = 0*b + b + 1 + 318*b**3 - 322*b**3. Let h = 5 + -7. Is y(h) a prime number?
True
Suppose 3*u = 2*f - 634, f + 2*u + 125 - 442 = 0. Is f prime?
True
Let c(x) = 12*x**3 - 7*x**2 + 4*x + 1. Let o(f) = 2*f. Let y be o(2). Is c(y) a prime number?
True
Suppose 38*r = 38370 + 44432. Is r prime?
True
Let a(n) = 1333*n + 53. Is a(6) a prime number?
False
Let q(d) = -5*d - 10. Let p = 4 + 17. Let y = p - 26. Is q(y) a composite number?
True
Let s(q) = 396*q**2 + 4*q - 23. Is s(6) composite?
True
Let m(b) = -3 + 5 - b**2 - b**2 + b**2 - 11*b. Let l be m(-11). Is 39*(6/l + -2) a prime number?
False
Is 19606 - 14/((-28)/(-18)) a prime number?
True
Let m be (-7)/(4 - 2607/651). Suppose 0 = -3*u + 2462 + m. Is u prime?
True
Suppose 0 = 2*l -